s divided by 38.
34
Let t = -893 + 962. Calculate the remainder when 340 is divided by t.
64
Let c(i) be the second derivative of -i**3/6 + 6*i**2 + 2*i. Let u be c(11). Suppose -h - u + 15 = 0. Calculate the remainder when 40 is divided by h.
12
Suppose -b - 6 = 4*g, -3*b + 7*b - 2*g = 66. Let h(v) = -65*v**2 + 711*v + 62. What is the remainder when h(11) is divided by b?
4
Let g(k) = 4*k**2 - 14*k + 44. Let z be g(-14). Suppose -i = 31*i - z. What is the remainder when 107 is divided by i?
11
Let s be (0 - 147/12)*4. Let m = 14 - s. Let x = 27 + -16. Calculate the remainder when m is divided by x.
8
Let s(d) = 2*d**2 + 4*d - 75. What is the remainder when 632 is divided by s(-11)?
17
What is the remainder when (-20)/(-18) - (-148940)/90 is divided by 6?
0
Suppose -26*a + 12182 = -2456. What is the remainder when a is divided by 7?
3
Suppose -s + 2*s = 2*n + 764, -n - 5*s - 404 = 0. Calculate the remainder when 99 is divided by (-8096)/n - 2/24.
15
Suppose -5*n + d + 606 = 0, 0 = 4*n + d - 375 - 108. Calculate the remainder when n is divided by 11.
0
Suppose 5*j + 52*a - 185 = 54*a, 3*j - 2*a - 115 = 0. Suppose 63*k - j*k - 700 = 0. What is the remainder when 397 is divided by k?
22
Let f be 4 - (-1 - (-4 - 1)). Calculate the remainder when f + (-2)/5 + (-1080)/(-75) is divided by 4 + 0/((-3 - -1) + 5).
2
Let h = 9912 - 9478. Calculate the remainder when h is divided by 45.
29
Suppose 0 = 4*h - 2*h - y - 215, y - 3 = 0. Let i = 25730 + -25708. Calculate the remainder when h is divided by i.
21
Let x = -44546 - -47287. What is the remainder when x is divided by 49?
46
Let m(c) = 2*c**3 - 4*c**2 - 60*c + 179. Calculate the remainder when 6797 is divided by m(3).
14
Suppose -5*l - 4*b = -480, -b = 2*l - 6*l + 363. Let s = l + -47. Calculate the remainder when 54 is divided by 10/s + (-106)/(-18)*2.
6
Let l(p) = 4*p**2 - 7*p - 409. What is the remainder when 123 is divided by l(12)?
40
Let t = 293 - 288. Suppose -3*a + 42 = 2*p, 0 = -t*p - 0*p. Calculate the remainder when 50 is divided by a.
8
Let i(v) = -v**3 - 10*v**2 - 12*v - 17. Let p be i(-9). Suppose 6*j + 112 = p*j. Calculate the remainder when 59 is divided by ((-31)/4)/(1*(-7)/j).
28
Let t(b) = 48*b. Suppose 0 = 2*j - 10, 30*r - 41 = 29*r - 4*j. Calculate the remainder when t(3) is divided by r.
18
Suppose 0 = -16*m + 13*m + 24. Let w(h) = -h - 27. Let g(k) = 1. Let f(p) = 3*g(p) - w(p). Calculate the remainder when f(9) is divided by m.
7
Let m(o) = o**2 - 9*o + 8*o - 2*o + 24 - 7*o. Let b be m(8). What is the remainder when 19 is divided by 4/b - (-57)/6?
9
Suppose 0 = -2*d - 137 + 129, 0 = b - 4*d - 328. What is the remainder when 497 is divided by b?
185
Suppose -31*t + 856 = -911. Calculate the remainder when t is divided by 45.
12
Calculate the remainder when (-1)/((-7)/2) - (-505896)/5516 is divided by 38.
16
What is the remainder when 48059/136 + 33/(-88) is divided by 345?
8
Let j be (-2 - -3)*-1 + (-8)/(-4). Let u be 0 + j - -7 - 3. Suppose -41 = -u*l + 59. Calculate the remainder when 59 is divided by l.
19
Let r be 15/25 - (-88)/20. Suppose -r*l + 13 - 8 = 0. Calculate the remainder when 1 - -1 - (-58 - 2 - l) is divided by 22.
19
Let q = -10685 - -11199. Calculate the remainder when q is divided by 198.
118
Suppose -50*l = -18*l - 1600. What is the remainder when 587 is divided by l?
37
Suppose 0 = 8*m - k - 37371, -2*m + 339 = -4*k - 8985. What is the remainder when m is divided by 17?
14
Suppose -81*w + 42402 = 22*w - 29*w. Calculate the remainder when w is divided by 533.
40
Let b(a) = -a**2 + 29*a + 44. Let q be b(33). Let v = q + 206. Suppose 0 = 4*y + 4*w - 40, 0*y + 2*y - 32 = 4*w. What is the remainder when v is divided by y?
10
Suppose -212*h = -211*h - 8. What is the remainder when 133 is divided by (-1 - -6) + 24 + (3 - h)?
13
Suppose -36 - 32 = -4*k. Let f(d) = -d**3 - 56*d**2 + 301*d + 76. Calculate the remainder when f(-61) is divided by k.
14
Suppose -3*f + 172 + 251 = 0. Let t = f - 114. Suppose 2*y = -3*i + 519, -2*i - 7 = 3. Calculate the remainder when y is divided by t.
24
Let z(s) = -2*s - 1. Let k be z(-6). Let x(t) = 2 + 0 - k*t + 0*t + 0*t. Calculate the remainder when 45 is divided by x(-2).
21
Suppose 0 = 3*p + 4*f + f - 2, -f - 14 = -3*p. Let t = 115 + -111. Suppose 5*s - 9 = 2*s, t*s + 3 = y. What is the remainder when y is divided by p?
3
Suppose 938 = 10*u - 3*u. Let h = 126 + -111. Calculate the remainder when u is divided by h.
14
Let d(n) = 15*n + 7. Let b be d(-33). Let s = -374 - b. What is the remainder when 1366 is divided by s?
112
Suppose 0*v - 11 = 4*n + 3*v, 3 = -4*n + 5*v. Let g be 8/32 + n/8. Suppose 4*t = 2*y + 18, t + g*y = -4*y. Calculate the remainder when 9 is divided by t.
1
Suppose h + 2*h = 69. Let v = -65085 - -65090. What is the remainder when h is divided by v?
3
Suppose 2*g = -4*g + 12. Suppose 2*k + 3*k - 55 = -3*u, -u = g*k - 22. Suppose 45 = k*l - 8*l. What is the remainder when 59 is divided by l?
14
Suppose -2*b = -5*g - 3*b + 307, -4*g - 4*b + 236 = 0. Let w = -214 - -170. Calculate the remainder when g is divided by -4*6/48*w.
18
Let f(j) = j**2 + 35*j + 51. Let q be 608/(-18) + 220/(-990). What is the remainder when 694 is divided by f(q)?
14
Let v(r) = -2*r**3 + 14*r**2 - 6*r - 14. Let i be v(9). Let n = -360 - i. Calculate the remainder when 478 is divided by n.
30
Let i be -11*(2 - 3/3). Let w = -3 - i. Suppose -310 = -100*l + 90*l. What is the remainder when l is divided by w?
7
Let k(o) = -429*o + 13914. What is the remainder when k(26) is divided by 39?
30
Suppose 10 = -5*d, -5*d = -6*r + 2*r + 1446. Let l = r - 273. What is the remainder when l is divided by 8?
6
Let w(r) = -22*r**3 - r**2 + 18*r + 39. What is the remainder when w(-6) is divided by 8?
7
Let n(y) = 35*y - 68. Let q be (-3633)/(-77) - 2/11. Let a = q + -35. What is the remainder when n(5) is divided by a?
11
Suppose -2*n = -28 - 2. Let d(o) = 19*o + 14 + 18 - n*o. Calculate the remainder when 23 is divided by d(-6).
7
Let q be (4 - 5)*(-763 - 3)/(-2). Let t = -255 - q. What is the remainder when t is divided by 10?
8
Suppose 0 = -5*p - 3*j + 2130, 5*j = -2*p + 6*j + 863. Calculate the remainder when p is divided by 46.
15
Let b(y) = 2*y**2 + 20*y + 34. Let u be b(-8). Calculate the remainder when 81 is divided by 27 - (-2 + 0)*u/(-4).
3
Let q(z) = 25*z + 10. Let m be q(-1). Let x be (-4)/(-30)*18 - (-6)/m. Suppose 0 = -x*u + 5*u - 75. Calculate the remainder when 48 is divided by u.
23
Let c(h) = -2*h**3 + 47*h**2 + 9*h - 18. What is the remainder when c(21) is divided by 39?
36
Let r = -1259 - -1322. Calculate the remainder when r is divided by 17.
12
Calculate the remainder when 458 is divided by (16/(-7))/(92/(-966)).
2
Let t be -2 - (0 + 2 - 3). Let h = 315 + -292. Calculate the remainder when (-2714)/h*t/2 is divided by 10.
9
Suppose 6*y = 21*y - 83 - 22. What is the remainder when 417 is divided by y?
4
Suppose -21*d + 24*d + 2*f - 379 = 0, 4*d - 509 = f. Calculate the remainder when d is divided by 15.
7
Calculate the remainder when 76 is divided by (-3)/2*(-46 - (-5800)/150).
10
Suppose -4*a + 54 = 2*z, 23*z = 18*z + 4*a + 79. What is the remainder when 9307 is divided by z?
16
Let p = -7269 - -7464. Calculate the remainder when 1350 is divided by p.
180
Let v = 104 + -100. Let o(m) = 3*m**2 - 7*m - 8. Let r = 188 + -119. Calculate the remainder when r is divided by o(v).
9
Let d = -15168 - -15427. Calculate the remainder when 536 is divided by d.
18
Suppose -5*o - 89*x = -87*x - 63971, o = 2*x + 12811. Calculate the remainder when o is divided by 5.
2
Suppose 15 = 4*l - s, 8*l - 6*l + 2*s = 0. Suppose k - 2*m - 35 = 0, m = 3*k + l*m - 129. What is the remainder when k is divided by 22?
19
Suppose 483 = 5*i + 4*z, 2*z + 15 = -3*z. Let o = i - 99. Suppose 8*v - 57 - 71 = o. Calculate the remainder when 44 is divided by v.
12
Let r = 81 + -16. Let g = -38 + r. Calculate the remainder when g is divided by ((-855)/(-36) + -23)/(((-3)/48)/(-1)).
3
Suppose -5*k = -370 - 160. Suppose 0 = 119*p - 124*p + 2*i + 54, -5*p - 5*i = 30. Calculate the remainder when k is divided by p.
4
Let s = 11882 + -11570. What is the remainder when s is divided by 97?
21
Let x = -1712 - -2609. Calculate the remainder when x is divided by 43.
37
Let j be 